0*u. What is the units digit of i/(-2)*8/8?
4
Let y be (5 - 1) + 1 + -1. Suppose y = 2*c - 0*c. What is the units digit of c/(-4)*1*-6?
3
Let k = -4 - 2. Let u be (2/k)/(7/(-84)). Suppose 0 = -u*l - 4, -3*l = -2*j - 4*l + 29. What is the units digit of j?
5
Suppose -3*h = -3*s - 2*s + 16, -5*h = -s + 12. Let k = h - -2. What is the units digit of 21/3 - k/2?
7
Let t(g) = g - 2. Let f be t(7). Suppose -d = -f*p - 3*d + 95, 0 = 5*p + d - 100. Suppose 5*w - 2*c - 66 = 0, c + p = 2*w + 2*c. What is the units digit of w?
2
Let t(o) = 1 + 4*o - 3*o + 3*o. Suppose -2*y = 4*d, -2*y - 11 = -5*d + 7. What is the units digit of t(d)?
9
Let w(j) = -j**3 + 7*j**2 + 5*j - 5. Let m be w(5). Suppose 0*t = -5*t + m. What is the tens digit of t?
1
Let k = 2 - 1. Let f(r) = -r**2 + 3*r - 2. Let q be f(2). Let w = k - q. What is the units digit of w?
1
Suppose x - 12 = -2*x. Suppose 28 = x*a - 2*a. What is the tens digit of a?
1
Let c be 1*12/(2 - 1). Suppose 2*k + 10 = 0, c = -4*f - 5*k - 5. What is the units digit of f?
2
Suppose -8*c + 400 = -3*c. What is the units digit of c?
0
Let b = 21 + -14. Suppose 25 = u - b. What is the tens digit of u?
3
Let s(d) = -d**3 + 10*d**2 - 4*d + 4. What is the tens digit of s(7)?
2
Let a = -135 + 192. What is the units digit of a?
7
Suppose -2*m - 687 = -5*a, 2*m + 413 = -a + 4*a. What is the tens digit of a?
3
Suppose -3*m + 5*x = 2, 0 = m + x + 3*x - 22. What is the units digit of m?
6
Suppose -t - 3 = -0*t. Let d = -11 - t. What is the units digit of 2 + -1 - 0 - d?
9
Let m(w) be the second derivative of w**3/6 + 3*w**2/2 + 2*w. Let f be m(7). Suppose -n - 3 = -f. What is the units digit of n?
7
Let d = 30 + 2. Suppose x = -3*c + 34, 151 + 65 = 4*x - 4*c. Let u = x - d. What is the tens digit of u?
1
Suppose -l + 4 = 3*s - 11, 2*l - 10 = -s. Let u = -3 + l. Suppose u*r = -r + 1. What is the units digit of r?
1
Let c(x) = -x**3 - 8*x**2 - 5*x + 5. Let o be c(-7). Let q = 6 + o. Let y = q - -7. What is the units digit of y?
4
Let o(v) = -v**3 - 13*v**2 + v + 13. Let u be o(-13). Suppose 2*f - 7 = t + 2*t, u = 4*f - t - 39. What is the units digit of f?
1
Suppose 2*g + 3*g = 25. Let c = -15 - -24. Let b = c - g. What is the units digit of b?
4
Let z = 24 + -13. Suppose 8 = -4*n, c - 2*n - n = 30. Let l = c - z. What is the units digit of l?
3
Suppose -32 = 4*y + 52. Let p = y - -7. Let c = p + 23. What is the units digit of c?
9
Suppose 4*f - 1302 = z, 0*f + 335 = f - 5*z. What is the units digit of f?
5
Let v(d) = -50*d - 3. What is the tens digit of v(-3)?
4
What is the tens digit of (-765)/(-30)*(1 + 1)?
5
Let i(j) = -11*j - 9. Let v be -1 + 4 + 1 + -8. What is the units digit of i(v)?
5
Let h(b) = -b + 1. Let d be h(-2). Suppose d*m - 5*m + 3*z = -31, 4*z = 5*m - 67. What is the units digit of m?
1
Suppose -4*u = c - 124, -3*c + 127 = -2*c + 5*u. What is the tens digit of c?
1
Let s be (2 + 3 + -5)/3. Let k be 2*(-1 + (3 - s)). What is the units digit of k/(-6)*(-63)/6?
7
Let b be 88/20 - 6/15. Suppose b*d = d - 2*h + 50, 2*d - 16 = 3*h. What is the tens digit of d?
1
Let b be (0 + 1)/(2/8). Suppose 0*g - 2*g - b = 0. What is the units digit of 0 - (-1 - (-4)/g)?
3
Suppose 4*i - 7*i = -252. What is the tens digit of i?
8
Let u be -3 + 3 - (-26 + 1). Suppose 3*z = -x + 7, 6*x - 5*x = 5*z - u. Suppose 0 = -z*w - n + 36, -3*n = -5*w - 6*n + 45. What is the units digit of w?
9
Suppose 0 = 5*s + 5*a - 25, -2*a = s + 3*s - 18. Let k(r) = r - 5. Let o be k(s). Let h(n) = -5*n**3 + n. What is the units digit of h(o)?
4
Let a = -37 + 25. What is the units digit of 36 + a/(3 + 1)?
3
Let c(n) = 4*n + 8. Let b(m) = -5*m - 9. Let p(y) = -3*b(y) - 4*c(y). Suppose -14 - 8 = 2*u. What is the units digit of p(u)?
6
Let m = -10 - -37. What is the units digit of m?
7
Let u(n) be the first derivative of 3*n + 5/2*n**2 + 1 + 4/3*n**3 - 1/4*n**4. What is the units digit of u(5)?
3
Let m(c) = -c**2 + 2*c. Let f be m(3). Let r(k) = -2*k + 1. Let o be r(f). Suppose -o*a + 20 = -2*a. What is the units digit of a?
4
Let n(z) = -z**3 - 2*z**2 - 2*z + 26. What is the tens digit of n(0)?
2
Let o(m) = m**2 + 12*m + 1. Let z(t) = -t**2 - 5*t - 6. Let g be z(-6). What is the units digit of o(g)?
1
Let p = -2 + 2. Let z = 23 - p. Suppose -2*v + z = 5. What is the units digit of v?
9
Let w(o) = o**3 + 7*o**2 - 4*o - 6. Let p be w(-5). Suppose -p = -2*y - 0*y. What is the units digit of y?
2
Suppose 45 = u + 2*u. Let y = 15 - 9. Suppose y*p - u = 3*p. What is the units digit of p?
5
Let a = -15 - -21. Let l be a/4 - 21/(-2). Suppose -4 = k - l. What is the units digit of k?
8
Suppose h - 92 = 2*d, 0 = 5*d + 4 + 1. What is the tens digit of h?
9
Let i(l) = -3*l - 3. Let h be i(-6). Suppose -3*m + 5*m = 8. Suppose j - h = -m*j. What is the units digit of j?
3
Let h(w) = 6*w - 1. What is the tens digit of h(14)?
8
Let i(z) = z**2 - 3*z + 3. Let g be i(2). Let f = g - -3. What is the units digit of f?
4
Let c be (-2)/(-4)*-1*10. What is the units digit of (c/(-4))/((-11)/(-88))?
0
Suppose 5*p - 11 = y + 33, -4*y = -4. What is the units digit of p?
9
Suppose 4*n = -3*c + 60 + 50, 0 = 5*c - n - 214. What is the units digit of c?
2
Let m(j) = -j**3 - j**2 - j + 60. Let q be m(0). Suppose 0*z - 2*z = -q. What is the units digit of z?
0
Suppose -2*i = -7*i - 125. Let j = 36 + i. What is the units digit of j?
1
Let v = 7 - 5. Suppose -4*t + 5*t = v*c + 11, -4*t + 4*c + 44 = 0. What is the tens digit of t?
1
Let d(q) = q**3 + 6*q**2 - 6*q - 7. What is the units digit of d(-6)?
9
Let w(c) = c**2 + 7*c + 3. Let b be 2*(0 - (-14)/(-4)). What is the units digit of w(b)?
3
Suppose -5*a = -0*a - 60. Let x = a - 5. What is the units digit of x?
7
Let z = 9 - 3. Let u = 108 - 68. What is the units digit of 2/z - u/(-6)?
7
Let m be (-2)/(-7) - (-24)/14. Let o be 0 + (m - 1) + 1. Suppose o*f + 35 = 7*f. What is the units digit of f?
7
Let x = 187 + -50. Suppose -b = 5*z - 199, 3*z - x = -6*b + b. Suppose 2*u + 2*u - 4*q - 44 = 0, 5*u - z = q. What is the units digit of u?
7
Suppose -3*s + 49 = -5*y, s - 16 = 2*y - 2*s. Let z = -9 - y. What is the units digit of z?
2
Let i be ((-12)/(-8))/((-2)/4). What is the tens digit of (18/(-12))/(i/70)?
3
What is the tens digit of 166/5 - (-3)/(-15)?
3
Let s = 42 + -25. What is the units digit of s?
7
Suppose -6*y = -5*y + 6. What is the units digit of (11 - 1)*(-15)/y?
5
Let n = 5 + -1. Suppose 4*p - n = -28. Let j(g) = -g**3 - 5*g**2 + 4*g - 6. What is the units digit of j(p)?
6
Let k(h) = -h**3 - 10*h**2 - 12*h - 4. What is the tens digit of k(-9)?
2
Let z be (-332)/14 + 8/(-28). What is the tens digit of (2 + -4)/(3/z)?
1
Let r(b) = b**3 - 5*b**2 + 5*b - 1. Let c be r(4). Suppose 2*k - 5*l + 2 = 0, -4*k - 2*l + 32 = -c*l. What is the units digit of k?
9
Suppose 0*g = 2*g. Suppose 0*m + 2*m = g. Suppose m = -f + 2*f - 15. What is the tens digit of f?
1
Suppose 4*s + 12 = 0, 3*f - 5*s - 24 - 9 = 0. Suppose 21 = 3*d + f. Suppose 110 = d*o - 6*w + w, -w = 4. What is the tens digit of o?
1
What is the units digit of 1/((-8)/18)*-4?
9
Let n(p) = p**3 + 13*p**2 - 16*p - 18. What is the tens digit of n(-14)?
1
Let m = 75 + -31. What is the tens digit of m?
4
Let j(s) = -s**3 + 0*s**3 + 9*s**2 - 5 - 4 + 2*s. Suppose -5*h + 45 = -t + 6*t, -5*h - 45 = -5*t. What is the units digit of j(t)?
9
Suppose 2*k - s = -7, k = -3*s - 5 - 2. Let i be (1 + -3)*(-6)/4. Let h = i - k. What is the units digit of h?
7
Suppose -y + 4*y = 45. What is the tens digit of 4/6 - (-185)/y?
1
Let r(b) = -b - 1. Let c be r(-4). Suppose -c*a + 8*a - 175 = 0. What is the tens digit of a?
3
Let u = 4 - -8. Let n = 19 - u. What is the units digit of n?
7
Suppose -3*u + u + 26 = 2*g, -5*u = 2*g - 35. Suppose 5*j = 2*l - 57, -2*j = -0 + g. What is the units digit of l?
6
Let g(s) = -s**3 + s**2 + s. Suppose -2*h - 4 = 2*h + 4*c, -4*h = -5*c - 14. What is the units digit of g(h)?
1
Let x = -23 - -40. What is the tens digit of x?
1
Let c = -6 - -8. What is the units digit of c?
2
Let m(z) be the third derivative of 3*z**2 + 1/120*z**6 - 1/2*z**3 - 1/30*z**5 + 0*z + 0 + 1/6*z**4. What is the units digit of m(2)?
5
Let y = 320 + -185. What is the hundreds digit of y?
1
Let n(o) = -o**2 + 4*o. Let v be n(3). Suppose x - v - 3 = 0. Suppose 0 = -x*q + q + 60. What is the tens di